ands digit of 35716?
5
What is the millions digit of 5434038?
5
What is the hundreds digit of 956180?
1
What is the ten thousands digit of 841472?
4
What is the hundreds digit of 4291949?
9
What is the tens digit of 3404511?
1
What is the hundreds digit of 68758?
7
What is the hundreds digit of 494638?
6
What is the hundreds digit of 25043207?
2
What is the millions digit of 1911293?
1
What is the thousands digit of 2027627?
7
What is the tens digit of 235241?
4
What is the thousands digit of 161437?
1
What is the tens digit of 24366?
6
What is the thousands digit of 3767105?
7
What is the thousands digit of 190867?
0
What is the millions digit of 17282547?
7
What is the thousands digit of 206353?
6
What is the hundreds digit of 30964?
9
What is the hundreds digit of 909416?
4
What is the ten thousands digit of 81715?
8
What is the ten thousands digit of 4587033?
8
What is the ten thousands digit of 740929?
4
What is the thousands digit of 281286?
1
What is the tens digit of 33848073?
7
What is the hundred thousands digit of 28422793?
4
What is the units digit of 7238869?
9
What is the ten thousands digit of 1864043?
6
What is the hundred thousands digit of 6265168?
2
What is the tens digit of 470140?
4
What is the thousands digit of 396921?
6
What is the units digit of 4788017?
7
What is the units digit of 216421?
1
What is the units digit of 58918?
8
What is the millions digit of 3698723?
3
What is the units digit of 9476629?
9
What is the hundreds digit of 239865?
8
What is the ten thousands digit of 4035087?
3
What is the hundred thousands digit of 153909?
1
What is the hundreds digit of 695103?
1
What is the ten thousands digit of 464932?
6
What is the thousands digit of 2237798?
7
What is the millions digit of 1945456?
1
What is the units digit of 22161824?
4
What is the hundred thousands digit of 518193?
5
What is the ten millions digit of 22112625?
2
What is the tens digit of 402827?
2
What is the thousands digit of 2612708?
2
What is the tens digit of 210051?
5
What is the hundreds digit of 1007198?
1
What is the units digit of 246959?
9
What is the thousands digit of 199116?
9
What is the tens digit of 163623?
2
What is the hundreds digit of 97910?
9
What is the units digit of 11594807?
7
What is the hundred thousands digit of 1160734?
1
What is the tens digit of 425748?
4
What is the units digit of 7682980?
0
What is the millions digit of 1031694?
1
What is the ten thousands digit of 6288694?
8
What is the thousands digit of 214159?
4
What is the units digit of 5079656?
6
What is the tens digit of 942769?
6
What is the hundreds digit of 762409?
4
What is the units digit of 755082?
2
What is the units digit of 792665?
5
What is the units digit of 11474075?
5
What is the units digit of 23000535?
5
What is the hundred thousands digit of 6774287?
7
What is the units digit of 481693?
3
What is the hundred thousands digit of 9878062?
8
What is the hundreds digit of 33173346?
3
What is the hundred thousands digit of 2386025?
3
What is the thousands digit of 4421332?
1
What is the tens digit of 4631023?
2
What is the thousands digit of 222952?
2
What is the ten thousands digit of 12092238?
9
What is the tens digit of 3840397?
9
What is the units digit of 389588?
8
What is the tens digit of 2828851?
5
What is the tens digit of 471357?
5
What is the units digit of 853644?
4
What is the units digit of 263980?
0
What is the units digit of 22630279?
9
What is the units digit of 389347?
7
What is the hundred thousands digit of 1739520?
7
What is the thousands digit of 309622?
9
What is the thousands digit of 3817401?
7
What is the thousands digit of 8682928?
2
What is the thousands digit of 302532?
2
What is the hundreds digit of 2229723?
7
What is the hundred thousands digit of 758227?
7
What is the tens digit of 132568?
6
What is the hundred thousands digit of 397099?
3
What is the tens digit of 32665814?
1
What is the thousands digit of 2753431?
3
What is the hundred thousands digit of 16106978?
1
What is the units digit of 484257?
7
What is the hundred thousands digit of 15783955?
7
What is the ten thousands digit of 12061422?
6
What is the tens digit of 947368?
6
What is the thousands digit of 134171?
4
What is the millions digit of 1047054?
1
What is the hundreds digit of 7812?
8
What is the ten thousands digit of 382049?
8
What is the hundred thousands digit of 305107?
3
What is the hundred thousands digit of 289985?
2
What is the thousands digit of 355805?
5
What is the ten thousands digit of 1307959?
0
What is the thousands digit of 334036?
4
What is the ten thousands digit of 467523?
6
What is the thousands digit of 110912?
0
What is the thousands digit of 278590?
8
What is the tens digit of 1369257?
5
What is the tens digit of 3717334?
3
What is the units digit of 7165009?
9
What is the hundred thousands digit of 1451441?
4
What is the ten thousands digit of 2547203?
4
What is the thousands digit of 6257?
6
What is the tens digit of 199714?
1
What is the hundred thousands digit of 946870?
9
What is the ten millions digit of 17423879?
1
What is the hundreds digit of 25485989?
9
What is the thousands digit of 242962?
2
What is the hundreds digit of 316362?
3
What is the tens digit of 368021?
2
What is the units digit of 1367494?
4
What is the thousands digit of 7034123?
4
What is the hundred thousands digit of 839765?
8
What is the units digit of 174193?
3
What is the thousands digit of 2365662?
5
What is the thousands digit of 287225?
7
What is the units digit of 489994?
4
What is the units digit of 4897?
7
What is the tens digit of 305372?
7
What is the hundred thousands digit of 2845184?
8
What is the millions digit of 6309588?
6
What is the hundred thousands digit of 391662?
3
What is the ten thousands digit of 760872?
6
What is the hundred thousands digit of 1927957?
9
What is the hundreds digit of 2585536?
5
What is the hundreds digit of 403988?
9
What is the hundred thousands digit of 40738170?
7
What is the millions digit of 2167692?
2
What is the tens digit of 62006?
0
What is the ten thousands digit of 431245?
3
What is the tens digit of 110799?
9
What is the thousands digit of 336447?
6
What is the units digit of 118028?
8
What is the hundreds digit of 1215367?
3
What is the ten thousands digit of 393533?
9
What is the hundreds digit of 564514?
5
What is the tens digit of 200855?
5
What is the units digit of 1080278?
8
What is the units digit of 255225?
5
What is the millions digit of 2053434?
2
What is the hundred thousands digit of 5675307?
6
What is the millions digit of 1190014?
1
What is the hundreds digit of 209933?
9
What is the hundred thousands digit of 218523?
2
What is the tens digit of 165934?
3
What is the tens digit of 11044053?
5
What is the tens digit of 2001830?
3
What is the ten thousands digit of 2492302?
9
What is the tens digit of 378612?
1
What is the hundred thousands digit of 1400298?
4
What is the thousands digit of 18618868?
8
What is the tens digit of 1982397?
9
What is the hundred thousands digit of 211446?
2
What is the hundreds digit of 83840?
8
What is the thousands digit of 119038?
9
What is the tens digit of 385023?
2
What is the thousands digit of 1360796?
0
What is the units digit of 100804?
4
What is the ten thousands digit of 44997297?
9
What is the thousands digit of 369868?
9
What is the ten thousands digit of 563384?
6
What is the hundred thousands digit of 178572?
1
What is the hundred thousands digit of 302176?
3
What is the tens digit of 1137155?
5
What is the tens digit of 1537701?
0
What is the hundred thousands digit of 1124045?
1
What is the tens digit of 470702?
0
What is the thousands digit of 400310?
0
What is the thousands digit of 772856?
2
What is the thousands digit of 918051?
8
What is the hundreds digit of 18713?
7
What is the hundreds digit of 3894474?
4
What is the units digit of 109663?
3
What is the hundreds digit of 27487002?
0
What is the tens digit of 5490189?
8
What is the millions digit of 4595272?
4
What is the thousands digit of 95645?
5
What is the millions digit of 1281372?
1
What is the hundreds digit of 419160?
1
What is the thousands digit of 2290105?
0
What is the thousands digit of 3147324?
7
What is the thousands digit of 238017?
8
What is the tens